remainder when j is divided by 24?
22
Let u(c) = -31*c**3 + 2*c**2 + 0*c**2 + 0 - 1. Let n = 1392 - 1375. Calculate the remainder when u(-1) is divided by n.
15
Let y = 291 + -270. What is the remainder when 130 is divided by y?
4
Let q = -48 - 5. Let c = 89 + q. Suppose 34 + c = 4*w + 5*z, 5*w + z = 77. What is the remainder when 42 is divided by w?
12
Let q = 402 - -914. What is the remainder when q is divided by 15?
11
Let i = 549 - 479. Calculate the remainder when i is divided by 30.
10
Suppose 161*k - 128*k - 10857 = 0. Calculate the remainder when k is divided by 49.
35
Let a = 228 - 195. What is the remainder when 114 is divided by a?
15
Let v(l) = l - 9. Let x = 64 + -52. Suppose -2*h + 28 = 2*h. What is the remainder when h is divided by v(x)?
1
Suppose 61*s = 39*s + 1122. Calculate the remainder when s is divided by -2 - (1 - (21 - 0)).
15
Let u = 10 - 7. Let c = 6 - u. Suppose 0 = -4*i - 3*f + 89 - 7, 3*i - f = 55. Calculate the remainder when i is divided by c.
1
Let u(f) = f**2 - 3*f - 14. Suppose -57 = -26*i + 23*i. What is the remainder when i is divided by u(6)?
3
Suppose 2*r = -l + 54, 3*r - 5*l = 6*r - 88. Let z = -4 + r. Calculate the remainder when z is divided by (0/(-1) + -1)*-6.
4
Suppose 5*d = 20, -d = -3*m + 188 + 285. What is the remainder when m is divided by 30?
9
Suppose -4*v = 4*g - 16 - 4, -3*g - 1 = -v. What is the remainder when 2 is divided by 0 + -1*g + (-177)/(-59)?
0
Let s(o) be the first derivative of -o**2/2 - 8*o - 3. Let z be s(-11). Calculate the remainder when 28 is divided by 1/z - (-87)/9.
8
Let z(c) = -c**3 - 4*c**2 - 22*c - 79. Calculate the remainder when z(-7) is divided by 19.
13
Suppose -4*y - 46 = -h, -138 = -4*h - 4*y + 66. Suppose -h = -4*u + 18. Calculate the remainder when u is divided by 135/(-18)*(-8)/10.
5
Let m(c) = -3*c + 3. Let j be m(-3). Suppose 0 = 4*i - j - 8. Let v(r) = 3*r - 1. Calculate the remainder when 40 is divided by v(i).
12
Suppose 5*h = h + 8, -5*t + 5*h = -165. Suppose -13 - t = -2*k. Calculate the remainder when 119 is divided by k.
23
Calculate the remainder when 172 is divided by (36 - 40)/((-2)/(-4)*-1).
4
Suppose -2*z = -a + 2*a - 7, -4*a + 4*z + 76 = 0. Calculate the remainder when a is divided by 8.
7
Suppose -s + 18 + 43 = 0. Let i = -42 + s. Let u = 32 - i. What is the remainder when 36 is divided by u?
10
Suppose -6*p + 980 = 236. Let h = -3 + 9. Let c = h - -19. What is the remainder when p is divided by c?
24
What is the remainder when (2155/(-10))/((-1)/2) is divided by 23?
17
Let n(o) = 12*o - 93. What is the remainder when 14 is divided by n(8)?
2
Suppose 4*n - 31 = 77. Calculate the remainder when n is divided by 15.
12
Let c = -390 - -429. Calculate the remainder when 233 is divided by c.
38
Let z(s) = -s**3 + s**2 + s + 4. Let m be z(0). Calculate the remainder when 38 is divided by (156/(-48))/((-1)/m).
12
Let v(m) = 33*m**2. Let r be (-32)/(-40)*(-5)/2. Calculate the remainder when v(r) is divided by 27.
24
What is the remainder when 387 is divided by (60/8)/(8/32)?
27
Suppose -3*q + 5*j = 26, q + 4*j = 2*q + 18. What is the remainder when ((-3)/q)/((-63)/(-3108)) is divided by 20?
14
Suppose -3*c = 4*g - 84, c - 9 = 3*g - 72. Suppose -2*r + 64 = 2*h, -9 - 102 = -3*h + 2*r. Calculate the remainder when h is divided by g.
14
Let x(b) = -7*b - 7. What is the remainder when x(-5) is divided by (-4 + 5)/((-20)/(-36))*10?
10
Let b(d) = -d**3 + 3*d**2 + 5*d + 1. Let j be b(4). Let y = j - -26. Calculate the remainder when y is divided by -2 + 1 + 216/(-168)*-14.
14
Suppose -2*u + 2 = 0, -4*c = -2*u - 2*u - 196. Calculate the remainder when 188 is divided by c.
38
Calculate the remainder when 563/5 + 40/(-25) + 2 is divided by 25.
13
What is the remainder when 55 is divided by 12/(-10) + 105*42/175?
7
Suppose -3*w + c = -11, -2*w + 7 + 3 = -2*c. Suppose -400 = -5*a - j - 152, w*j = 5*a - 256. Let k = -16 + a. Calculate the remainder when k is divided by 9.
7
Let w be (-1)/(-2)*-6 - -22. Suppose w - 4 = h. What is the remainder when h is divided by 124/16 + 1/4?
7
Let o = -252 + 275. What is the remainder when 320 is divided by o?
21
Suppose f + c - 12 = 0, -4*f = -5*c - 0*c - 30. Suppose -4*q + n + 9 = -2*n, -5*q + 5*n + f = 0. What is the remainder when 6 is divided by q?
0
Let d(m) = m**3 + 5*m**2 + 4*m + 2. Suppose 4*x + 51 = 5*g, x + 3*x = -4*g + 12. Let o = g - 10. What is the remainder when 29 is divided by d(o)?
5
Suppose -4*b + n = -5*b + 9, 2*n + 21 = b. Suppose -96 = -b*p + 9*p. Calculate the remainder when p is divided by 9.
6
Let h(v) = 2*v + 1. Let f be h(-5). Let l = 29 + 2. What is the remainder when l + f - (0 + -3) is divided by 13?
12
Let s(w) = -w**2 + 13*w - 26. What is the remainder when s(8) is divided by 11?
3
Let s(h) = h + 1. Let k be s(-1). Suppose g = a + 8 - 1, -4*a - 10 = 5*g. Calculate the remainder when 4*(6 + g) + k is divided by 11.
10
Let a be (27/18)/(6/296). Let v = 17 - 12. Suppose -5*b + 2*b = -v*j + 58, -a = -5*j - b. Calculate the remainder when 27 is divided by j.
13
Let f(s) = 9*s + 1 + 6*s**2 - 6*s + 5 - s. What is the remainder when f(-2) is divided by 9?
8
Suppose -2*x = -7*x + 795. Suppose -9*o = -6*o - x. What is the remainder when 158 is divided by o?
52
Suppose -50 = -2*y - 10. Let c = -14 + y. Let i = -32 + 43. Calculate the remainder when i is divided by c.
5
Suppose -5*q - 5*b + 45 = 0, -48*b = -44*b - 12. What is the remainder when 7 is divided by q?
1
Suppose 1024 = 2*t + 780. What is the remainder when 374 is divided by t?
8
Suppose 20*j + 44*j - 2112 = 0. What is the remainder when 560 is divided by j?
32
Suppose -3 = 2*s - 2*u - 27, -3*s + 20 = u. Suppose -3*o + 90 = -3. Calculate the remainder when o is divided by s.
7
Let l(n) = 8*n - 252. What is the remainder when 82 is divided by l(33)?
10
Suppose 2*w + 35 + 29 = 0. Let t = w + 44. Calculate the remainder when 59 is divided by t.
11
Let w(l) = 9*l**2 - 5 + l**3 + 8*l + 0*l**3 + 13. Calculate the remainder when ((-46)/(-8))/(2/8) is divided by w(-8).
7
Suppose 6*c = 12 + 6. Suppose -294 = -c*i - 2*x, -2*i = -i - 3*x - 109. Calculate the remainder when i is divided by 26.
22
Calculate the remainder when 74 is divided by 71 + (-3 - (3 + -6)).
3
Suppose 3*k + 3*f = 48, -141*k - 64 = -145*k - 2*f. Suppose -5*m + 125 = -350. Calculate the remainder when m is divided by k.
15
Let z(q) = -q**3 + 9*q**2 + 14*q - 24. Let r be z(10). Calculate the remainder when (-6)/(3*(-4)/r) is divided by 7.
1
Let r(f) = f**2 - 8*f - 56. What is the remainder when 396 is divided by r(-9)?
8
Let c(j) = j**2 - 2*j + 2. Suppose -333*p + 80 = -323*p. Calculate the remainder when p is divided by c(3).
3
Suppose 7*o - 16 = 3*o. Let g = o - -2. What is the remainder when 6 is divided by g?
0
Suppose -5*o + 2*v = -178, o - 2*v = 3*o - 74. What is the remainder when 82 is divided by o?
10
Suppose -24 = x - 3*x. Let l(m) = 38*m - 15. Calculate the remainder when l(1) is divided by x.
11
Let k = -61 - -107. Let z be (3/6*28)/(0 - -2). Suppose 9*t - z*t = 24. What is the remainder when k is divided by t?
10
Let h(n) be the third derivative of -n**5/60 + n**4/3 + 5*n**3/6 + 7*n**2. What is the remainder when 100 is divided by h(4)?
16
Suppose -744 = -4*y + 4*u, 2*y = u + 2*u + 367. What is the remainder when y is divided by 28?
23
Let v be (-4)/(-6)*(-582)/4. Let k = -139 - v. Let c = k - -61. Calculate the remainder when 37 is divided by c.
18
Let b be 12/18*(-18)/(-4). Suppose 0*w = w - b. Let k = -50 + 59. Calculate the remainder when k is divided by w.
0
Let z = -61 + 85. What is the remainder when z is divided by 8?
0
Let y(l) = 8*l**2 - 5*l + 26. What is the remainder when y(-7) is divided by 38?
35
Let a = -68 + 161. What is the remainder when a is divided by 26?
15
Let x(k) = 18*k + 6. Let h(t) = -t. Let g(p) = -3*h(p) - x(p). What is the remainder when 30 is divided by g(-1)?
3
Let k(m) = -16*m**2 + 208*m + 5. Calculate the remainder when k(11) is divided by 24.
21
Suppose 0 = -2*n - 6, 0 = 10*l - 12*l + 5*n + 21. Suppose 2*a = -l*b + 25, 0 = b - a - 2*a - 12. What is the remainder when 53 is divided by b?
8
Suppose -2*x + 4*x + 10 = 0. Let r = x + 43. Let y = -1514 + 1534. What is the remainder when r is divided by y?
18
Suppose 8*l - 4*l - 208 = 0. Suppose -l = -7